 -3*n = -t + 21. What is the tens digit of t?
3
Suppose -65 = 4*t + t - n, 0 = -4*t - 4*n - 28. Let h be (-3)/t + 3/4. Suppose -4 - h = -5*a. What is the units digit of a?
1
What is the units digit of 1 + ((-5)/5 - -143)?
3
Suppose 3*o - 3*l - 9 = 0, 5*o - 3*l - 3 = 10. Suppose 5*r - 15 = 0, 9 = o*d - 2*r + 1. Suppose -q = 3*t - 17, -d = -2*q - t + 2. What is the units digit of q?
2
Suppose 2*m - 6 = 0, -89 = -3*y - 2*y - 3*m. What is the units digit of y?
6
Let d be (2/2)/(7/35). Suppose -4*p = d*i - 98, -p + 6*p + 3*i - 116 = 0. What is the units digit of p?
2
Suppose -28 = 4*m + 16. Let g = m - -17. What is the units digit of g?
6
Let a = 9 + 11. What is the units digit of a?
0
Suppose -r = -3*r + 4. Let d(x) = -x**3 + x**r + 2*x**3 - 5*x + 3*x - 1. What is the units digit of d(2)?
7
Let o(p) = p**3 - 3*p**2 + 6*p + 5. What is the units digit of o(4)?
5
Let j(n) = 59*n - 74. What is the units digit of j(6)?
0
Suppose 2 - 86 = -2*f + 4*r, -2*r = 2*f - 114. Suppose 2*i = d - 19, 0 = 2*d + 2*d + 4*i - f. What is the tens digit of d?
1
Let s(g) = -g + 10. Let o be -4 - -3 - (-1)/1. Suppose o = -m - 5*f, 0*f - 2*f + 23 = 5*m. What is the units digit of s(m)?
5
Let k(z) = -z + 5 - 5 + 16 + 2*z. What is the units digit of k(0)?
6
Suppose 0 = -4*h + 365 + 755. Suppose -3*g = -g - h. What is the units digit of g/18 - 2/(-9)?
8
Let u(j) = -4*j + 4*j + 0*j + 4*j + 1. Let s(n) = 2*n**2. Let l be s(1). What is the units digit of u(l)?
9
Let q be 2/6 - 16/(-6). Suppose q*w - 5*p = -4 + 9, -w + 25 = 3*p. Suppose -f + 3*f - w = 0. What is the units digit of f?
5
Suppose 0*r = -3*r - 6, -2*j + 168 = -r. What is the units digit of j?
3
Suppose -2*v + 216 = 4*f, 520 = v + 4*v + 5*f. What is the units digit of v?
0
What is the hundreds digit of 1/(16/(-4))*214*-2?
1
Suppose 2*k + 4 = s - 3*s, -5*k + s = -2. Suppose k = 2*v - v - 2. Let p(d) = 2*d**3 - d**2 + 2*d - 2. What is the tens digit of p(v)?
1
Suppose 0 = 2*g - 4*u - 204, -4*u = 6 - 14. What is the hundreds digit of g?
1
Suppose -g + 31 = 3*f, 5*g - 31 = f + 140. Let r = g + -13. Suppose -4*j = -j - r. What is the units digit of j?
7
Suppose 0 = -2*m - 2*p - p + 3, -4*m + 3*p - 21 = 0. What is the units digit of (1/m)/((-3)/45)?
5
What is the tens digit of (-89)/((1 - (0 - 0))/(-1))?
8
Suppose -t + 0 + 2 = 0. Let h = t - 1. What is the units digit of h?
1
Let v = 8 + -6. Suppose 5*x = v*w + x + 12, x = 2*w. Suppose w*a + 0*a - 18 = 0. What is the units digit of a?
9
Suppose 0 = -0*k + 3*k - 45. What is the units digit of k?
5
Let m(j) = j**2 - 2*j. Let o be m(-1). Suppose 0 = 3*x - 0*x. Suppose x*v + f = v - 12, -v = -o*f - 14. What is the units digit of v?
1
Let s(d) = 14*d + 21. What is the tens digit of s(5)?
9
Let m = -13 + 40. Let b = m + -5. What is the tens digit of b?
2
Suppose 0 = 4*f + 3*v - 315, -7*f = -3*f - 5*v - 275. What is the tens digit of f?
7
What is the units digit of 42/2 - (-6 + (0 - -5))?
2
Suppose r = 5 + 3. Let q = -6 + r. What is the units digit of q?
2
Let m(z) = z**2 - 4. Let r be m(-3). Let a = 4 - r. Let u = a - -5. What is the units digit of u?
4
Suppose d = -s + 116, 0 = s + 2*d - 67 - 46. What is the hundreds digit of s?
1
Let v = -2 - -7. Let k(g) = 4*g**3 - g + 1. Let j be k(1). Suppose j*z - z - 20 = h, -25 = v*h. What is the units digit of z?
5
Suppose 3*c = q + 10, -4*q + 6*q = -5*c + 24. Let g = 3 + q. What is the units digit of g?
5
Suppose -3*u + 0 = -9. Suppose u*m - 63 = -5*d, 3*m - 4*m + 5*d = -21. What is the units digit of m?
1
Let u = 9 - 15. Let z(s) = -s**3 - 6*s**2 + s + 6. Let r be z(u). What is the units digit of (-2)/(2/(-9)) - r?
9
Let a(w) = -60*w + 14. What is the units digit of a(-2)?
4
What is the tens digit of 1/((-3)/(-105)) - (2 - 5)?
3
Suppose -2*f + 235 = -p, -5*p - 148 + 389 = 2*f. What is the tens digit of f?
1
Let d be (-35)/(-2)*(-8)/10. Let w be 5/(-7) - (-4)/d. What is the units digit of w/(-2 - -1) - 0?
1
What is the tens digit of (-15 - -11)*51/(-4)?
5
Let x be (315/6)/((-3)/4). Let o = x + 100. Suppose 5*b = -10 + o. What is the units digit of b?
4
Let h(l) = -l**3 + 7*l**2 - 5*l + 5. Let f(p) = -p - 3*p - p**3 + 0*p + 7*p**2 + 6. Let c(a) = 2*f(a) - 3*h(a). What is the units digit of c(6)?
3
Let h be -1*(-2)/(-2) - -5. Let n = -1 + h. Suppose 0*l - 3 = -n*l. What is the units digit of l?
1
Let a be 4/6 - 465/(-45). Let p = 18 - a. What is the units digit of p?
7
Let c(i) = i**3 + 13*i**2 + 15*i + 24. What is the hundreds digit of c(-9)?
2
Let a = -6 + 10. Suppose 2 + 2 = a*u. What is the units digit of (-3 - -11)/u + -2?
6
Let g(j) = 8*j + 3. Let t be g(3). Let y be 60/t + 4/(-18). Suppose -2*f - y = 4*a, a - 6 = -4*f + 3*a. What is the units digit of f?
1
Let t be (2 - 1)/(3 - 2). Suppose 3*m = 2*a + 9, 0 + t = -3*a + 2*m. What is the units digit of a?
3
What is the units digit of 148/18 + 4/(-18)?
8
Suppose 0 = 4*y - 4*i - 24, -5*y = 2*i - 2 - 7. Suppose 3*n + 0*n + y = 0. What is the units digit of (28/8)/(n/(-2))?
7
What is the units digit of -2 - ((-10)/5 + -36)?
6
Let h = 25 + -46. What is the units digit of 6/h + 144/14?
0
Suppose -4*y - 20 = 56. Let z = 59 + y. What is the tens digit of z?
4
Suppose -4*v = q - 63, 0 = -2*q - 2*q - 20. Let p = 1 + v. What is the units digit of p?
8
Suppose -3*j + 10 - 1 = 0. Let c be 5/((-45)/(-102))*j. Suppose 3*m + h = 28, 2*h + c = -0*m + 4*m. What is the units digit of m?
9
Suppose 0 = 4*k - 64 - 108. Let s = k + -28. Let q = s + -7. What is the units digit of q?
8
Suppose 0*o - 2*o = -102. What is the tens digit of o?
5
Let o(p) = p**3 + 10*p**2 - 2*p + 6. Let y be o(-9). Suppose -2*r = -5*n + y, 3*r + 91 = 5*n - n. Suppose -46 = -3*w - n. What is the units digit of w?
9
Suppose 12 = 5*y - 13. Suppose -10 = -q - y. Suppose z = q*z, 12 = 2*x - 3*z. What is the units digit of x?
6
Suppose 0 = -3*m - 66 + 180. What is the units digit of m?
8
Let j(w) = -w**2 - 11*w + 4. Let c be j(-6). Suppose -t = t - c. What is the tens digit of t?
1
Let n be (3/6)/((-1)/(-26)). Suppose 3*l - n = 17. Suppose -l = 5*z - 0, d + 5*z = -3. What is the units digit of d?
7
Suppose 273 = 5*x - 4*x. What is the units digit of x?
3
Suppose -2*g = f + g - 9, 0 = 5*f + g - 17. Suppose f*t = -0*t + 87. What is the units digit of t?
9
Let y be (6/(-6))/((-1)/17). Suppose t - 3 = y. What is the units digit of t?
0
Suppose 5*m + 3*x = 22, -6 = 2*m + m - 3*x. Suppose 2*r = m*d - 20, d - 31 = -3*d - 5*r. What is the units digit of d?
9
Suppose -2*x + 3 = x. What is the units digit of x?
1
Let l = 99 + 17. What is the tens digit of l?
1
Let d(h) = -8*h + 2. Let n be d(-2). Let m be (2/6)/((-2)/n). What is the units digit of (1*3)/(m/(-9))?
9
Let b(r) = -2*r**3 - 23*r**2 - 5*r + 28. What is the units digit of b(-12)?
2
Let x be ((-4)/10)/(2/(-20)). Suppose 5*m + 4*a + 0*a - 1 = 0, -5 = -m + x*a. Suppose -2*r = m - 5. What is the units digit of r?
2
Let t(y) = y**3 - 7*y**2 - y - 19. What is the units digit of t(8)?
7
Let m = 2 - -3. Suppose -m*r - 2*b + 48 = 0, -2*r = 2*r - 4*b - 44. What is the tens digit of r?
1
Suppose 5*d + 2*t = 29, 53 - 10 = 4*d - 5*t. Suppose -b + 3 = 1. What is the units digit of b/(-7) + 79/d?
1
Let w be (-24)/(-16)*2*1. Suppose -w*g - a + 11 = -0*g, 20 = 4*g - 4*a. What is the units digit of g?
4
Let d(a) = -7 - 2*a - 3 + 0*a + 1. Let x(s) = 3*s + 10. Let f(j) = -4*d(j) - 3*x(j). What is the units digit of f(0)?
6
Let k(u) = u**2 - 5*u + 6. Let r be k(4). Suppose 0 = 3*w + r - 50. What is the tens digit of w?
1
Let r(k) = -10*k**3 + 2*k + 1. Let o be r(-1). Let d = -1 + o. What is the units digit of d?
8
Suppose -v = -2*v + 17. Suppose -2*j + 16 = 3*c, -4*j = 3*c + 3 - v. What is the units digit of c?
6
Suppose 0 = 3*x - 1 - 8. What is the units digit of 2/x - 308/(-33)?
0
What is the units digit of 0 + 1/7 - 1116/(-28)?
0
Let x(h) = -3*h - 2*h**2 - h**3 - 5*h**2 + 2*h**2 - 2*h. What is the units digit of x(-4)?
4
Suppose -8 = 2*r - 0*r. What is the units digit of (19/2)/((-1)/r)?
8
Let m = -6 + 9. Suppose 3*c - 30 = -3*x, 0 = -5*x - m*c + 74 - 20. What is the tens digit of x?
1
Let x(i) = -i**3 + 4*i**2 + i + 4. Let t be x(4). Suppose -2*u = -2*o - 6, -5*u + t = -3*o - 11. Suppose -2*w = o*w - 52. What is the units digit of w?
3
Let q(k) = 5*k. Let l be q(-2). Let o(n) = -3*n - 13. What is 